1, 5*y + m = -5. List the prime factors of y/(-8) + (-35)/(-4).
3
Let w(b) = -b**2 - 22*b - 17. What are the prime factors of w(-19)?
2, 5
Let p be (1 - 0) + (-280)/10. Let f = -17 - p. List the prime factors of f.
2, 5
Let i(b) = -b**2 + 12*b - 9. Let k be i(8). Suppose -40 = -3*m + 4*s, -4*s + k = -5*m + 79. What are the prime factors of (3/2)/(2/m)?
2, 3
Let i(c) = -2*c - 10. Let y be i(-9). Suppose -4*p + y = -0. Suppose -2*s + w = -15, s + p*w = -3*s + 18. What are the prime factors of s?
2, 3
Suppose 3*p - 5*o = 5*p - 830, 4*o = 5*p - 2009. List the prime factors of p.
3, 5
Let q(o) = o**2 - 2*o + 3. Let d be q(2). Suppose -16 = -d*b + 2. Suppose -3*f = -b*f + 36. What are the prime factors of f?
2, 3
Let b = -2 + -1. What are the prime factors of (-1)/(58/(-19) - b)?
19
Suppose 4*b = -5*w + 35, 0*b = 3*w + 3*b - 21. Let r(l) = l**2 - l - 4. Let u be r(3). Suppose -2*k = 5*s + w, -4*k - 5*s = -3 + u. List the prime factors of k.
2
Let v(y) = -6 - 7 - 2*y + 4. List the prime factors of v(-8).
7
Let o = -12 + 0. Let i be (5/2)/((-6)/o). Let t = i - 3. What are the prime factors of t?
2
Let h = 87 - 56. What are the prime factors of h?
31
Suppose -3*p + 163 = -d, -2*p + d - 2*d + 117 = 0. Suppose -p = -u - u. What are the prime factors of u?
2, 7
What are the prime factors of 52/2 - (0 + 0)?
2, 13
Suppose 0 = 2*v - v + 2*s, 4*v + 5*s = 0. Let u be 39 + (0 - (2 - v)). Let q = -22 + u. List the prime factors of q.
3, 5
What are the prime factors of (26/8)/((-6)/(-600))?
5, 13
Suppose u + 106 = 3*j, 26 = j - 2*u - 3*u. List the prime factors of j.
2, 3
Let f(y) = -y**2 + 9*y - 3. List the prime factors of f(4).
17
Let z = 119 - 44. Suppose 2*v + z = 5*j, -v - 18 = -3*j + 26. What are the prime factors of j?
13
Let m be (-2 - -1 - -1)/(-1). Suppose m = c - 3. Suppose -16 = -7*s + c*s. List the prime factors of s.
2
Let m(y) = -y**2 - 17*y - 3. What are the prime factors of m(-12)?
3, 19
Let d = -7 - -4. Let h = 1 - d. What are the prime factors of h?
2
Let z = 3 + -1. Suppose -z*q = q - 108. List the prime factors of q.
2, 3
Suppose 5*g = -3*n - 10 + 81, 0 = -5*g + 4*n + 92. Suppose 4*z = 5 + 7. Suppose -f - z*f = -g. What are the prime factors of f?
2
Let p = 270 + -33. What are the prime factors of p?
3, 79
Suppose 5*f = -r - 373, -41 = 5*f - r + 336. What are the prime factors of ((-4)/(-10))/((-3)/f)?
2, 5
Suppose 520 = 112*b - 110*b. What are the prime factors of b?
2, 5, 13
Let i(y) = -y - 2. Let v be i(-4). Suppose -28 = -v*f + 44. List the prime factors of f.
2, 3
Suppose s + s - 20 = 0. Let c(u) = -2*u + 14. Let f be c(6). Suppose -2*x + f = -s. What are the prime factors of x?
2, 3
Let k = -19 - -29. Let p(w) = w**2 - 10*w + 8. What are the prime factors of p(k)?
2
Let r(f) be the third derivative of f**5/60 - f**4/24 - 2*f**3/3 - 3*f**2. Let c be r(3). List the prime factors of 12 - (4/c + -3).
13
Let d = 0 + -6. Let u(k) = -k + 10. Let n be u(11). Let h = n - d. What are the prime factors of h?
5
What are the prime factors of (-40)/5*(-21)/6?
2, 7
Let r(s) = 11*s**2 - s + 7. What are the prime factors of r(-3)?
109
Let m(z) = z**3 + 19*z**2 + 3*z + 4. List the prime factors of m(-18).
2, 137
Let p = 1 + -1. Suppose -3*s - 9 = p, 3*s = -k - 5 - 0. List the prime factors of 1*(-1)/(-2)*k.
2
List the prime factors of ((-21)/(-14))/(6/104).
2, 13
Let p(u) = u**2 - 8*u + 2. Let b be p(8). Suppose -2*i = -3*k - b*k - 78, -2*i = -4*k - 82. What are the prime factors of i?
7
Let k(i) = i**3 + 5*i**2 - 3*i - 4. Let u be k(-5). Let b = 19 + u. List the prime factors of b.
2, 3, 5
Suppose 5*p + 825 = -5*f, 410 = -3*f - p - 95. What are the prime factors of 2*(f/(-4))/5?
17
Let l = 1 + -5. Let d = 6 + l. Suppose 0 = -d*s + 5*t - 2, s + 4*s + 3*t = 26. List the prime factors of s.
2
Suppose 206 = 5*a - 3*o, -42 - 28 = -2*a - 5*o. What are the prime factors of a?
2, 5
Let m(o) = -o**2 + 7*o - 6. Let f(k) = -6*k**3 - k**2 - k. Let d be f(-1). Let h be m(d). Let y = 3 + h. What are the prime factors of y?
3
Let f be 14/91 + (-4)/26. Let a = 11 + f. List the prime factors of a.
11
Suppose 48 = u - 129. What are the prime factors of u?
3, 59
List the prime factors of (2 + 96)/(-3 + 5).
7
Let i be 1/(3/(3 + 12)). Let o(a) = a**2 - 3*a + 4. List the prime factors of o(i).
2, 7
Suppose 0*r = -5*r + 15. Suppose 0 = -s - 3*t + 10, t - 7 = -s + 3. Let q = s - r. List the prime factors of q.
7
Let a = -2 - -2. Let w = -1 - a. Let q(k) = -6*k + 1. What are the prime factors of q(w)?
7
Let m(l) = 12*l**2 + 3*l + 3. What are the prime factors of m(-2)?
3, 5
Let n be 4*-51*3/(-36). Suppose -7*d + 8*d = n. What are the prime factors of d?
17
Let v = 1 - -1. Suppose -5*j - 5 = -4*r, 10 = -v*r - 0. What are the prime factors of 15 + j + 2 + 4?
2
Let d be (-10)/40 - (-13)/4. Suppose -4*g + 13 = 2*c + 1, d*c + 12 = 0. List the prime factors of g.
5
Let q(o) = -17*o - 25. List the prime factors of q(-8).
3, 37
Let c(a) = -a**2 + 16*a - 7. Let y be c(17). Let i = y - -33. List the prime factors of i.
3
Let q = -1 - -3. Let g = q + -7. Let r(l) = -l + 5. What are the prime factors of r(g)?
2, 5
Suppose -20 = 4*z, 0*v - 5*z - 33 = -4*v. Let m be 2/4*0/v. Let p = 13 + m. List the prime factors of p.
13
Suppose -4*g - 6 = 5*c, 0 = -4*c - 4*g - 4 - 4. What are the prime factors of c?
2
Let d(f) = -f**3 + 5*f**2 - 4*f + 3. Let j be d(4). Suppose -4*v - 5*n = -j*n + 2, 0 = v + 3*n + 13. What are the prime factors of v?
2
Let d(v) = -v - 2. Let s = 10 + -21. List the prime factors of d(s).
3
Let v(w) = 3*w - 16. Let h(z) = -4*z + 16. Let f(i) = -6*h(i) - 5*v(i). Let q(u) = -2*u + 3. Let b(l) = -2*f(l) - 11*q(l). What are the prime factors of b(4)?
3, 5
Let i = 7 - 2. List the prime factors of i.
5
Let b be 2/(-1 + -1)*-3. Let m(h) = -h**3 + 2*h**2 + 4*h - 2. Let z be m(b). What are the prime factors of 2/z*(-18)/(-4)?
3
Let n = 2 + 1. Let b(k) = k + 3 - n + 0*k + 3. List the prime factors of b(9).
2, 3
Let u(d) be the second derivative of 14*d**3/3 - d**2 + 7*d. List the prime factors of u(2).
2, 3
Let k be (0 - 1)/((-7)/350). Let h be (2/(-4))/((-1)/10). Suppose -h*v + 0*v + k = 0. List the prime factors of v.
2, 5
Suppose -p - 20 = -5*p. Suppose p*u - 14 = 26. What are the prime factors of u?
2
Suppose 0 = 4*b + 2*w + 4, 2*b - 2*w - 6 + 2 = 0. Suppose b = -3*m + 9. List the prime factors of 4 - m/(-9)*-3.
3
Let l(n) = -2*n + 9. Let d be l(7). Let b = -3 - d. Suppose b*f = -3*f + 35. List the prime factors of f.
7
Let x(k) = 2 - 6 + 2 + 2*k. Let g be x(3). Suppose -2*t = -2*n + 10, n + 2*t + g = -0. What are the prime factors of n?
2
Let t = 4 + -1. Suppose 2 = -g, 80 = t*b + 2*b - 5*g. What are the prime factors of b?
2, 7
Let x(d) = -d**3 - 3*d**2 + 3*d - 2. Let c be x(-4). Suppose m = -b + 4*b, -12 = -m - 3*b. Suppose -c*a + m = -a. What are the prime factors of a?
2, 3
Let r(g) = -g**2 - 5*g + 1. Let m = 6 - 3. Suppose m*q = -7 - 5. What are the prime factors of r(q)?
5
Let z(n) be the second derivative of n**5/20 + n**4/6 - n**3/2 + n. Let v be z(3). Suppose 0 = -3*a - 3*x + v, 2*a - 5*x - 56 = -4. List the prime factors of a.
2
Let j be (-57)/(-6*4/16). Suppose 3*d - 76 = -5*s, -2*d + 5*s + j = 2*s. List the prime factors of d.
2, 11
Suppose y - 5*y + 12 = 0. Suppose -2*p + p + 5 = 4*f, 2*f - 25 = -5*p. Suppose f = -2*o + y*o - 9. What are the prime factors of o?
3
Suppose 2*t - 60 = 2*g, 0*g - 4*t + 91 = -3*g. Let q = -12 - g. List the prime factors of q.
17
Suppose 4*y - 7 - 5 = 0, -4*u - 5*y + 331 = 0. What are the prime factors of u?
79
Let i(s) = -3*s**2 - 1. Let y be i(-1). Let o(l) = -l**3 - 2*l**2 + 3*l. What are the prime factors of o(y)?
2, 5
Let k(t) = -t**3 - 9*t**2 - 8*t - 9. Let v be k(-8). Let d = -7 - v. List the prime factors of d.
2
List the prime factors of 2/5 + (4 - 98/(-5)).
2, 3
Let k = -18 - -25. List the prime factors of k.
7
Let m be (-1 + -1)/(-2)*(-6)/(-6). Let u(r) = r**2. Let p(q) = -7*q**2 + 2*q - 1. Let c(w) = -p(w) - 4*u(w). List the prime factors of c(m).
2
Suppose 5*b = 4*p - 11, -5*p - b + 21 = -0*b. Suppose -p = 2*s - 12. List the prime factors of s.
2
Let f(z) be the first derivative of -4 + 5*z**2 + 7/3*z**3 - 1/4*z**4 - 10*z. List the prime factors of f(8).
2, 3
Suppose -506 - 274 = -4*k. What are the prime factors of k?
3, 